 + 5*k + 1351 = 0. What is the hundreds digit of h?
6
What is the hundreds digit of 4 - ((-70346)/102 + (-4)/(-6))?
6
Let m(g) = g**2 - g + 2. Let j = 0 - 6. Let a be (j/15)/((-1)/15). What is the tens digit of m(a)?
3
Let f be 6/(-9) + 12/(-9). What is the tens digit of (-1)/(2/73)*f?
7
Let s(h) = 86*h**2 + 12*h - 27. What is the units digit of s(-5)?
3
Let s = 474 - 663. Let k be s/(-15) - (-9)/(-15). Let v(a) = -a**3 + 13*a**2 - 9*a - 9. What is the units digit of v(k)?
7
What is the tens digit of (-3390)/21*(-14)/2?
3
Suppose u + 5 = -3*i, -3*u + 5*i = -u - 45. Let o = u - 8. Suppose -8 = o*f - 6*f. What is the units digit of f?
2
Suppose -5160 = -10*m + 220. What is the hundreds digit of m?
5
What is the hundreds digit of -2 + 5 - (-260 - 7 - 6)?
2
Suppose -2*i - 173 = -4*k + 3*i, 2 = -2*i. Let y = k - 84. What is the units digit of y/((-3)/(-6) - 2)?
8
Let w(p) be the first derivative of -p**2 - p - 4. Let v be w(1). What is the units digit of (-20)/v*(6 - 3)?
0
Suppose 465 = 4*a + 5*i, 4*a - 5*i - 486 = -3*i. Suppose -4*z - a = -9*z. What is the tens digit of z?
2
Suppose -20 = k + 4*r, 6 + 6 = -4*r. Let u = k + 11. Let v = 7 - u. What is the units digit of v?
4
Let j be -2*1*(-6)/4. Let l be 2/6*2*j. Suppose -l*v + v - 2*a + 3 = 0, 4*v = 5*a + 38. What is the units digit of v?
7
Let r = -109 - -161. Let c be r/12 + 4/6. Suppose c*m = 2*z, -2*z - 4*m + 40 = m. What is the tens digit of z?
1
Let u(t) = 2*t + 4. Let l(x) = -x - 1. Let c(z) = 7*l(z) + 2*u(z). What is the tens digit of c(-9)?
2
What is the tens digit of (360/(-14))/(3/(-189))?
2
Let g(a) = -21*a + 3. Let p be g(1). Let i = p + 23. Suppose 3*s - 153 = -3*q, -3*q = -4*q + i. What is the units digit of s?
6
Suppose 2*g - d = -g + 45, 29 = 2*g - d. Suppose -220 + 64 = -4*x - 4*k, -2*x + 2*k = -62. Let f = x - g. What is the units digit of f?
9
Let s(n) be the second derivative of n**5/60 - n**4/24 + 19*n**3/6 + n**2 + 3*n. Let h(a) be the first derivative of s(a). What is the tens digit of h(0)?
1
What is the hundreds digit of 6*(-10)/(300/(-10490))?
0
Let u = -42 + 88. Suppose 196 = 5*x + u. Let y = x + 6. What is the units digit of y?
6
Suppose -3*b - 1 - 5 = 0. Let a(l) = 2*l + 2*l + 5*l**2 - 2*l + 8*l**2. What is the units digit of a(b)?
8
Let n = 360 - 189. Suppose 5*a - n - 349 = l, -416 = -4*a - 2*l. Suppose -3*g = 5*s - a, 3*g - 4 = -s + 12. What is the units digit of s?
2
Suppose 0 = -52*f + 27604 + 9420. What is the units digit of f?
2
Suppose 0 = 5*o - 6 + 1, 4*o = 5*l - 51. Suppose 0 = l*d - 8*d - 429. What is the tens digit of d?
4
Suppose 7*s - 2*s = 2*g + 18, -22 = -3*s + 4*g. Let u be 32/14 - s/7. Suppose u*r + 3*r - 50 = 0. What is the units digit of r?
0
What is the units digit of (-1722)/28*4/(-6)?
1
Suppose 29735 = 29*c - 2136. What is the units digit of c?
9
What is the tens digit of (-655424)/(-168) + 4/6?
0
Let d(y) = -y + 17. Suppose 2*a - 16 = 8. Let s be d(a). Suppose -3*m + 39 = m + 5*v, s*v = -m + 6. What is the units digit of m?
1
Let j(w) = 2*w**2 + 2*w - 4. Let y be j(-3). Suppose -y = 2*n - 46. What is the units digit of n?
9
Let o = -3 - 2. Let i be o/(20/36) + 2. Let k(d) = -2*d - 2. What is the units digit of k(i)?
2
Suppose -20 = -20*a + 3120. What is the units digit of a?
7
Let z be -3 - 21/3*-1. Suppose z*m + m = 4*h + 135, 3*h - 15 = 0. Suppose 0 = -3*b - 2*y + m, 0*b + 15 = b - 4*y. What is the units digit of b?
1
Suppose -11346 = -43*m + 12*m. What is the hundreds digit of m?
3
Suppose 5*w = -5*j + 145, -5*w - j + 3*j = -166. Let r = 11 - w. Let n = 30 + r. What is the units digit of n?
9
Let o = 17 - 14. Let y(i) = -2*i**2 + 4 - 3*i - i**2 - i**o + i**2. What is the units digit of y(-3)?
2
Let a be (-6 + 4)*(-443)/2. Suppose 5*x - 1508 = -a. Suppose -2*c + 129 = -5*i, 0 = c + 3*c + 5*i - x. What is the tens digit of c?
5
Let d be -20*((-3)/(-2))/3. Let m = d + 29. What is the tens digit of m?
1
Let z = 16 + -19. Let i(d) = d**3 + d**2 - 7*d + 1. What is the units digit of i(z)?
4
Let h be 1921/(-34) + 6/4. What is the tens digit of -4 - h/15 - 165/(-9)?
1
Let o = -47 + 52. Suppose -8*f = -m - 9*f + 152, -o*m + 5*f + 730 = 0. What is the hundreds digit of m?
1
Suppose -d = 3*d - 184. Suppose -3*h = -f + 49 + d, -4*h - 12 = 0. Suppose 0 = -2*s - 0*s + f. What is the units digit of s?
3
Suppose 63*a - 55*a = 4400. What is the units digit of a?
0
Let s(a) = -4*a + 4*a**2 - 6 - 7*a**2 + a - 3*a. Let o be s(-6). Let b = 122 + o. What is the units digit of b?
4
Suppose 17*n - 1366 = 385. Suppose 3*j - 38 = n. What is the units digit of j?
7
Let r(b) = -b**2 + 3*b + 20. Let h be r(6). Suppose 4*w - 317 = -7*g + h*g, -3*g + 203 = -4*w. What is the tens digit of g?
6
Suppose 3*v - 2 = 4. Let m(j) = -2 - 12*j - 2*j**2 + v*j**3 + 0*j**2 + 8*j. What is the tens digit of m(4)?
7
Let c = 118 - 36. Let f = 131 - c. What is the tens digit of f?
4
Suppose -z + 259 = 5*u, -139 = 4*u + 4*z - 359. Let k = u - -9. What is the tens digit of k?
6
Let i be (-2 - -1)*(1 - -4). Let h = i + 126. Let a = h - 81. What is the tens digit of a?
4
Let b = 6 + -12. Let a(w) = -w**3 - 5*w**2 + 3. What is the tens digit of a(b)?
3
Suppose 30 = 2*n + 3*n. Let q be (5/3)/(2/n). Suppose q*i = t + 30, 4*i + 5*t = -0*i - 5. What is the units digit of i?
5
Suppose -47*x + 29201 + 42333 = 0. What is the units digit of x?
2
Let j = 42 - 64. What is the units digit of 44/j - (1 + -7)?
4
Let u(g) = -g + 162. What is the units digit of u(34)?
8
Suppose -n + 970 + 396 = 0. What is the thousands digit of n?
1
Suppose -2*i + 42 = 182. Let v = 10 - i. What is the tens digit of v?
8
Let q(m) = m**3 + 13*m**2 - m - 5. Let d be q(-14). Let z = -117 - d. What is the units digit of z?
0
Let r = -478 - -241. Let n = r + 385. What is the hundreds digit of n?
1
Let o be (1 + 85/(-10))*-2. What is the tens digit of (-156)/(-18)*o/2?
6
Let x(f) = f**3 - f**2 + 1. Let a(d) = 4*d**2 + 1. Let c be a(-1). Suppose 2*v - c*h = 31, 0 = -3*v + 4*v - h - 8. What is the units digit of x(v)?
9
Suppose 2*w = 0, -w = -3*r + r + 364. Let z = r + -48. Let p = z + -70. What is the units digit of p?
4
What is the units digit of 2/((6/(-1032))/(9/(-24)))?
9
Let c(h) be the third derivative of -5*h**4/24 - 2*h**3/3 - 4*h**2. Let d(t) = -t + 1. Let z(k) = -c(k) + 6*d(k). What is the units digit of z(4)?
6
Let h = -7 - -19. Suppose -t = 2*t - h. Suppose -u = -5*u + t, d + u = 31. What is the tens digit of d?
3
Let m be 760/16*(3 + -1). Let r = 166 - m. What is the units digit of r?
1
Let x = 321 + 73. Let n = x + -223. What is the tens digit of n?
7
Suppose 0 = j - 10 - 1. What is the units digit of 196/j - ((-8)/44)/1?
8
Let f be 14/8 + 2/8. Suppose -59 = -2*a + 2*v + 41, 0 = -f*a + 3*v + 102. What is the tens digit of a?
4
Let j = 372 + -608. Let k = -54 - j. What is the units digit of (-3)/6 + k/4?
5
Suppose 7 = 2*s - 1. Suppose -6*v + s*v + 112 = 0. What is the tens digit of v?
5
Suppose 0 = l + 4*w - 17, -5*w + 3 + 17 = l. Suppose -3*u + 29 = -u - 5*f, l*u = 3*f + 63. What is the tens digit of (-16)/u*(-54)/4?
1
Let b = -8 - -10. Suppose -2*l + l - 1 = -2*x, b*l - 3*x = -3. What is the units digit of (-4)/(((-6)/l)/(-1))?
2
Let u be (0 - 20) + 2 + -2. Let r be (-4)/u - (-42)/15. What is the tens digit of (-92)/(-1 - r)*1?
2
Let l(f) = 0 - 61*f - 2 - 5*f. What is the units digit of l(-1)?
4
Suppose -8 = -o - b, -5*o = 4*b - 5*b - 34. Suppose -p + 2 = -4*z - 0*p, -o = -3*z + 5*p. Let n(i) = -6*i - 2. What is the units digit of n(z)?
4
Suppose 2*j - 5*h - 5 - 11 = 0, -3*h = 2*j. What is the tens digit of 376/2*j/6?
9
Let k = -1 - -5. Suppose -2*c - k = -4*c. Suppose -4*y = -2*y - c*n - 36, -3*y + 44 = 2*n. What is the tens digit of y?
1
Let u be 2/3*6/2. Suppose -u*k = 3*k + l + 72, -5*k - 64 = -3*l. What is the units digit of 8/k*(-7)/2?
2
Suppose 2*k + 2*k = 8. Suppose -4*h + 573 = 5*b, 3*h - k*h + 3 = 0. What is the tens digit of b?
1
Let g(f) = 2*f + 23. Let s be g(-10). Suppose -2*p + 63 = -3*q, s*p = 5*q + 4 + 92. What is the tens digit of p?
2
Let k = 192 + 156. Suppose 240 + k = 4*c. What is the tens digit of c?
4
Let i(j) = -j**3 + 12*j**2 + 2. Let m be i(12). What is the tens digit of 48/(-12) - m*-28?
5
Let a(u) = 3*u**3 + 4*u**2 + 2*u - 7. Let b(k) = k**3 - k**2 - 1. Let r(f) = -a(f) + 2*b(f). What 